 - 3 - 1))?
-39
Calculate -77 + 82 - -11 - (3 + -1 + 0).
14
(103 - 98) + (0 - (1 + 3))
1
Calculate -1 + -12 + ((8 - 7) + -4 - -8).
-8
What is -13 + 18 + 11 - 21?
-5
-32 + (-62 + 37 - -39)
-18
Evaluate -37 - ((-5 - (-6 + 3 + 2)) + 2).
-35
What is 17 + (-14 - -27) + -14 + -16?
0
What is 1 + 1 - (10 - ((10 - 6) + 12))?
8
Calculate 1 - 7 - (5 + -6) - (-2 + -6).
3
8 - -4 - (-8 - -16)
4
Calculate -87 + 96 + (1 + -1 - (5 - 13)).
17
Calculate (25 - 29) + 35 - 10.
21
Evaluate -5 - -1 - (21 + (-1 - 11) + -5).
-8
Evaluate -1 - -9 - -16 - (5 - (11 + -13)).
17
What is the value of (2 - 0 - 4) + -41 + 57?
14
What is the value of (2 - -17 - 35) + 11?
-5
(6 - (1 + 4)) + -2 + 8
7
What is the value of 3 + -6 + -10 - (-1 - -4)?
-16
-4 + 8 + (5 - 1) + -9 - -5
4
What is (-8 - (2 + -5)) + 4 + -8 + 18?
9
Calculate 8 - ((5 - (13 + 2)) + -7) - 7.
18
Calculate 17 + (-9 - 13) - -7.
2
What is the value of -3 + 8 + -12 + 7 + 1?
1
What is the value of -10 - (13 - 10 - 8)?
-5
6 + -7 - -24 - 33
-10
What is -4 - (11 + -9 + 0)?
-6
Evaluate (-10 - (-14 + 0)) + -3 + -10.
-9
Evaluate 17 - (12 - (-4 - 14)).
-13
8 - (5 - (8 - 2))
9
Evaluate -18 + 19 + (35 - 26).
10
What is the value of 0 - (2 - (-4 + (-3 - -5 - 0)))?
-4
Calculate 10 + (-21 - 7) + (20 - 12).
-10
Evaluate -20 + 18 + 1 + 0 + -1.
-2
What is the value of 0 + -3 - ((-21 - 0) + 16) - 24?
-22
What is (12 - (9 + 1) - (0 - -1)) + -11?
-10
What is the value of -119 - -106 - (2 + -17)?
2
What is 485 + -482 + 0 + -28 + 1?
-24
20 - ((-23 - -29) + 38)
-24
Evaluate 18 + (19 - (12 - -12)).
13
Calculate 8 + (-31 - -22) + -1.
-2
Calculate (15 - -12) + -16 - (-17 + 5).
23
What is the value of (-3 - 1) + -9 + (-8 - -10) + 2?
-9
-12 + 15 - (-3 + (-3 - -12))
-3
-17 + (19 - -7) - (25 + -2)
-14
What is the value of 5 + (3 - 0) + 52 + -47?
13
-15 + (3 + 14 + -32 - -50)
20
-2 + (-12 - (12 + -33))
7
What is (-12 - 2) + 3 - (-118 - -114)?
-7
What is the value of (0 - ((-1 - 2) + 1)) + (5 - -1)?
8
Calculate (-5 - -9) + (-16 - 3) + 1 + 0.
-14
What is 15 + -7 - 15 - -6?
-1
What is 6 + -6 + 8 + 6 - 3?
11
Evaluate -47 - (-47 + -6) - (10 + (0 - -1)).
-5
Calculate -10 - (-22 - -28 - (-3 + 10)).
-9
What is -10 - (-24 + 29 + 18)?
-33
Evaluate -20 - (-8 + 2 - (-11 - -7)) - -8.
-10
What is the value of 3 + (-2 - -4 - -5 - 4) + -18?
-12
What is -165 + 159 - (3 + -45)?
36
Evaluate 0 + -8 + -1 + (104 - 102) - -24.
17
Evaluate 28 - 35 - -12 - (1 + -25) - -3.
32
What is -1 + -11 + -6 + 12?
-6
(1 + 6 - (-1 - 7)) + 0 - 3
12
-20 + 2 + 20 + (3 - (9 + 2))
-6
Evaluate 3 - ((16 + 5 - 2) + (0 - 2)).
-14
Calculate 1 + 17 + (-13 - -6) + -14.
-3
0 + -1 - (-5 - (-27 - -26))
3
What is 3 + -17 + 2 + 0?
-12
Evaluate (-9 + 0 + 9 - -1) + -16.
-15
What is -6 + (9 + 15 - 5)?
13
Calculate 1 + (-9 - -7) + (4 - (-4 - -4)).
3
What is 29 + 4 + -34 - (1 + (0 - 0))?
-2
-3 + -14 + (1 - -15)
-1
-59 + 23 - (-41 + 17)
-12
Evaluate (-13 - (-29 + 24)) + 0 + 19.
11
-7 + 1 + 40 + -10 + 6 - 8
22
Evaluate (12 + (-2 - 5) + -2 - 7) + -2.
-6
What is the value of 19 - -8 - (1 + -3 + 11)?
18
Evaluate (17 - (6 + -11)) + -9.
13
Calculate -21 + 32 - (-6 - (6 + -13 + -3)).
7
5 + 22 + (-1 - 30)
-4
Calculate 3 + -3 + 8 + (2 - 4) + -8.
-2
-26 + 1 - (308 - 335)
2
9 + 0 - (-19 + 26)
2
Evaluate (43 - 47) + (-27 - -6).
-25
Calculate 7 + (-4 + 3 - (-23 + 13 + 7)).
9
What is (-30 - -15 - -19) + (11 + -5 - 11)?
-1
Evaluate -30 + 5 + 43 - (-1 + 6).
13
Calculate 30 - (23 + 10) - (-15 - 2).
14
Calculate -5 + -1 + 1 + (-6 - (2 - 12)).
-1
What is the value of 29 + -37 - (-20 + 2 - 2)?
12
What is 8 - ((-4 + 11 - 3) + 1 + -5)?
8
-3 - (6 + 0 - 3 - 2 - 1)
-3
(1 - 4) + 51 - (-24 - (-41 + 5))
36
Calculate -22 - (-2 - 6) - (-23 - 11).
20
Calculate (-211 - -244) + -9 + -2.
22
What is 9 - (32 - 10 - -5)?
-18
What is (6 + -22 - -9) + 6?
-1
What is the value of -104 + 89 - (-2 + -1)?
-12
Calculate -15 + 1 + (10 - (-5 + 3)).
-2
Evaluate (-26 - -9) + 14 + 1 + 4.
2
10 + (-10 + -1 - (-7 - (25 + -24)))
7
Calculate -1 - ((14 - 7 - 26) + (1 - -4)).
13
Calculate 24 - (11 - (-6 - (-12 + 8))).
11
Calculate -19 - (-3 + (8 - (7 - -5)) + 14).
-26
Calculate 13 + -9 + 13 + -23 + 33.
27
-12 + -11 + 7 + 0 + 0 + 1
-15
(-4 - (-4 + 2)) + (-39 - -29)
-12
Evaluate 6 - (1 + 2) - -5.
8
Calculate -4 + (13 + (0 - 17) - 13).
-21
What is the value of -124 + 37 + 89 + (1 - 1 - 13)?
-11
What is -14 - (-32 - (10 - -4) - -9)?
23
Evaluate -31 - -47 - (23 - 1).
-6
Evaluate 0 + -7 - (0 + -4 - (55 + -48)).
4
Evaluate 12 - (1 + -1 + 8) - -5.
9
-15 - -6 - (5 + -18 + 31)
-27
What is (-9 - (-7 - 4)) + -4 + 0 - -18?
16
Calculate 5 + 3 - 0 - (-10 - -30 - -3).
-15
Calculate (5 - 31) + 22 - -3.
-1
2 + (0 - 4) + (4 - -9) + -5
6
-18 - ((-20 - -13) + -4)
-7
Evaluate 412 + -408 - (3 - 1).
2
What is the value of -3 + -2 + -1 - (17 + -31 + -1)?
9
What is the value of -6 - -9 - (6 - -6 - 0)?
-9
(-4 - (6 + -21 + 5) - 1) + 1
6
Calculate -5 - (6 + -2 + -21).
12
What is 12 + -12 + (-13 - -10)?
-3
What is the value of (-7 - (0 + -1)) + (1867 - 1878)?
-17
What is 7 + 1 - (227 - 221)?
2
Evaluate -2 - (30 - 0 - (-37 + 61 + -26)).
-34
0 - 0 - 0 - (-17 - -11)
6
What is the value of -35 + 26 + 21 + -3 - 19?
-10
What is the value of 23 - 1 - (4 + 7)?
11
Calculate (4 - 8) + 3 - (18 + -33 + 25).
-11
Calculate 0 - 2 - (-42 - 14 - -65).
-11
Evaluate -3 + -3 - -2 - 0.
-4
Evaluate (8 - (5 + -7)) + (-7 - (5 + -5)).
3
-16 + 26 + -12 - -4 - -21
23
3 + 11 - (-1 - -6)
9
Evaluate (2 - 27) + 3 - -6.
-16
What is -10 + (-5 + 15 - -9) + 4?
13
What is -4 + (-9 - -4) + (-61 - -55)?
-15
What is the value of 21 - (2 - (-20 - -2))?
1
-3 + (-23 - 3) + -3 + 14
-18
-1 - (-6 - -1) - (131 + -104) - -8
-15
What is (-6 + (7 - 5) - (-22 - -14)) + 8?
12
What is the value of -5 + -2 - -3 - 0 - (18 - 35)?
13
What is the value of 2 + 0 - (-19 + 4 + 8 + 0)?
9
-1015 - -1006 - (1 + 6)
-16
14 - (11 - 5) - 7 - 7 - 1
-7
6 + 6 - (-13 + (-10 - -30))
5
What is the value of (22 - 6 - -19) + -7?
28
(-13 - (7 - 6 - 5)) + 0
-9
What is the value of 3 - 11 - 20 - (-13 - 0)?
-15
Calculate (572 - 564) + (-1 - 16 - 2).
-11
Evaluate (12 - -20) + -22 - (7 + -6).
9
Evaluate 1 + -3 + 1 - (-600 + 593).
6
Evaluate (-104 - -92) + (3 + (-2 - -2) - 3).
-12
(1 - (8 - 7)) + (5 + -21 - 0)
-16
-47 - ((-96 - -36) + 44)
-31
What is the value of 13 + (12 + -20 - (-1 + -8 - -3))?
11
What is the value of -68 + 62 + 14 + -1?
7
What is 3 - (27 - 10) - (-12 + (8 - 3))?
-7
8 - (20 - 9 - 1)
-2
Calculate 23 + (-27 - -10 - -8) - 13.
1
Evaluate -54 + 2 - (-70 + 35).
-17
Evaluate -137 + 140 + (-9 - (1 - 2) - 3).
-8
Calculate 21 - (0 + (6 - -22)).
-7
What is the value of (-3 - (-15 + 5 + 5)) + -1 + 15?
16
Calculate 4 + 22 + -11 + -11 + -12.
-8
Evaluate (12 - (0 + 12)) + 6.
6
5 + (-7 - -21) + -3
16
Evaluate ((-7 - 4) + -3 - -16) + (5 - 1).
6
Calculate 8 + (20 - 9) + -21.
-2
Evaluate -9 + (19 - (-17 + 9)).
18
What is the value of -61 + 46 + -7 + (2 - 1)?
-21
What is 12 - (7 + 5 + -1 + -1 + -6)?
8
Calculate -1 - -16 - 9 - -7.
13
-2 + (-2 - -3) - (-107 + 54 - -60)
-8
What is the value of (-18 - 14) + 31 + 24?
23
Calculate (7 - (4 - (8 + -15))) + -2 + -9.
-15
What is 13 + -18 + (-1 - 5 - (-7 + 5))?
-9
Evaluate 14 + -9 + 2 + -31 + (20 - 24).
-28
What is the value of 3 - (1 + (-1 - -11))?
-8
Evaluate 7 + 1 - (2 + 1) - 10.
-5
Evaluate 3 - -13 - 7 - (-1 - -20).
-10
What is the value of 62 - (-47 + 29 - -54)?
26
44 - (-7 + 2 + 17)
32
Calculate 10 + -4 - (26 + -9).
-11
Calculate (12 - (16 + -31 - -49)) + 13.
-9
What is 1 + 2 + -6 - (-18 + 9 - -28)?
-22
What is (-6 + 7 + -11 + 4 - -1) + -26?
-31
What is the value of 107 + -114 + 15 + 4?
12
18 + 1 + (138 - 166)
-9
What is the value of -6 - (5 - 11 - 2) - 5 - 0?
-3
What is (-41 - -56) + (-1 - -3) + 2?
19
What is the value of -1 + 24 + -23 + 20 + -8?
12
(16 - 10) + -35 + 22
-7
27 + (-8 - 32) - (-4 - -3)
-12
Evaluate -25 + 4 + (-2 - -2 - (4 - 8)).
-17
What is (-42 - -79 - 22) + -2?
13
Evaluate (3 - 2) + 1 + 6 + -9 - -12.
11
-2 + (-1 - 1) - (61 - 75)
10
Evaluate (-39 - -17) + 12 - (1 - -4).
-15
What is the value of -15 + (9 - -17) + (-8 - -5)?
8
Evaluate 9 - (0 - 0) - (8 - -1 - -3).
-3
-7 - -17 - (40 - 24)
-6
Evaluate 7 + (0 - (10 - (-3 - 5))).
-11
What is the value of 10 + (9 - (16 - 2))?
5
Evaluate (-9 - -23 - 24) + 0.
-10
What is the value of -8 + 1 + 0 + -6 + 12?
-1
What is the value of (1 + -1 - ((5 - -2) + -5)) + 5?
3
What 